the units digit of 1323593437?
7
What is the ten millions digit of 190687434?
9
What is the tens digit of 1538024562?
6
What is the hundred millions digit of 1768350058?
7
What is the hundreds digit of 264060490?
4
What is the hundreds digit of 32423314?
3
What is the hundred thousands digit of 71904985?
9
What is the ten thousands digit of 72098664?
9
What is the tens digit of 3860582736?
3
What is the hundreds digit of 15876222?
2
What is the millions digit of 888408560?
8
What is the millions digit of 144202956?
4
What is the thousands digit of 17737703?
7
What is the hundreds digit of 121350070?
0
What is the units digit of 144033373?
3
What is the ten millions digit of 116832821?
1
What is the units digit of 1437236361?
1
What is the thousands digit of 1062986202?
6
What is the tens digit of 310044709?
0
What is the tens digit of 431460174?
7
What is the billions digit of 5659313582?
5
What is the hundred thousands digit of 3121710611?
7
What is the ten millions digit of 1774059285?
7
What is the millions digit of 255364029?
5
What is the millions digit of 4442641226?
2
What is the ten millions digit of 34250588?
3
What is the ten millions digit of 146183644?
4
What is the units digit of 1149611529?
9
What is the hundred thousands digit of 42874858?
8
What is the ten millions digit of 3920914019?
2
What is the millions digit of 158645900?
8
What is the billions digit of 5430641702?
5
What is the billions digit of 1034618891?
1
What is the ten millions digit of 282779969?
8
What is the hundred thousands digit of 2150560438?
5
What is the millions digit of 592039166?
2
What is the hundred thousands digit of 27958276?
9
What is the thousands digit of 1464061549?
1
What is the units digit of 296331328?
8
What is the millions digit of 7066263382?
6
What is the hundreds digit of 58224054?
0
What is the hundred millions digit of 3638284765?
6
What is the thousands digit of 56823484?
3
What is the thousands digit of 91273773?
3
What is the hundred millions digit of 255423404?
2
What is the ten millions digit of 461349994?
6
What is the tens digit of 45739327?
2
What is the units digit of 334998?
8
What is the hundred millions digit of 334869879?
3
What is the hundred millions digit of 4935865807?
9
What is the tens digit of 53778490?
9
What is the units digit of 1873682856?
6
What is the billions digit of 2761839400?
2
What is the thousands digit of 354442883?
2
What is the ten thousands digit of 3959592524?
9
What is the units digit of 57822399?
9
What is the tens digit of 1868349725?
2
What is the thousands digit of 704896582?
6
What is the hundred millions digit of 547239202?
5
What is the ten millions digit of 75163414?
7
What is the hundred millions digit of 1711215745?
7
What is the units digit of 197139958?
8
What is the ten millions digit of 1428552459?
2
What is the thousands digit of 3948270090?
0
What is the thousands digit of 1213950172?
0
What is the millions digit of 51185563?
1
What is the ten thousands digit of 41355101?
5
What is the tens digit of 52013792?
9
What is the hundred millions digit of 2495756905?
4
What is the hundred thousands digit of 1720245420?
2
What is the units digit of 86750044?
4
What is the units digit of 1171801948?
8
What is the millions digit of 32140343?
2
What is the thousands digit of 187112576?
2
What is the tens digit of 6732376?
7
What is the millions digit of 48297422?
8
What is the thousands digit of 432364873?
4
What is the millions digit of 86153731?
6
What is the ten thousands digit of 55513660?
1
What is the hundred millions digit of 3728457827?
7
What is the tens digit of 46926903?
0
What is the tens digit of 3605267886?
8
What is the tens digit of 576180314?
1
What is the ten thousands digit of 1079794683?
9
What is the units digit of 393549?
9
What is the ten millions digit of 3485274661?
8
What is the ten thousands digit of 40157968?
5
What is the millions digit of 1018442771?
8
What is the millions digit of 1410885569?
0
What is the millions digit of 182677167?
2
What is the tens digit of 23657994?
9
What is the hundreds digit of 1094073237?
2
What is the hundred millions digit of 1558395960?
5
What is the ten thousands digit of 316098734?
9
What is the millions digit of 32362860?
2
What is the units digit of 6280991966?
6
What is the tens digit of 550054261?
6
What is the hundred thousands digit of 711249397?
2
What is the hundreds digit of 188561951?
9
What is the units digit of 3388827538?
8
What is the hundreds digit of 40959305?
3
What is the tens digit of 20617474?
7
What is the hundred millions digit of 1160781634?
1
What is the millions digit of 409351534?
9
What is the millions digit of 14347414?
4
What is the millions digit of 1489629340?
9
What is the ten thousands digit of 157930402?
3
What is the units digit of 78724049?
9
What is the thousands digit of 15054208?
4
What is the hundred millions digit of 486486951?
4
What is the thousands digit of 34588038?
8
What is the hundreds digit of 214508237?
2
What is the tens digit of 311312519?
1
What is the ten millions digit of 1163020813?
6
What is the hundreds digit of 488503055?
0
What is the hundreds digit of 778647760?
7
What is the ten thousands digit of 45450658?
5
What is the hundreds digit of 8606952?
9
What is the thousands digit of 141200112?
0
What is the millions digit of 2017998883?
7
What is the thousands digit of 454850821?
0
What is the hundreds digit of 465442829?
8
What is the hundred thousands digit of 437535233?
5
What is the hundred millions digit of 6765268256?
7
What is the ten thousands digit of 284985599?
8
What is the units digit of 104241100?
0
What is the millions digit of 84287228?
4
What is the thousands digit of 263020137?
0
What is the units digit of 105409749?
9
What is the ten millions digit of 589092017?
8
What is the ten thousands digit of 225812170?
1
What is the hundred thousands digit of 77348803?
3
What is the thousands digit of 23436281?
6
What is the hundred thousands digit of 14310940?
3
What is the hundred millions digit of 139544136?
1
What is the hundred thousands digit of 103161289?
1
What is the millions digit of 121044135?
1
What is the hundred millions digit of 662590573?
6
What is the billions digit of 4164717909?
4
What is the hundreds digit of 44412284?
2
What is the hundreds digit of 1176156382?
3
What is the tens digit of 5899066638?
3
What is the tens digit of 2571028601?
0
What is the units digit of 158664107?
7
What is the thousands digit of 12529583?
9
What is the units digit of 159137940?
0
What is the hundred thousands digit of 252044643?
0
What is the ten thousands digit of 104824981?
2
What is the hundred thousands digit of 1027038400?
0
What is the thousands digit of 408044921?
4
What is the ten thousands digit of 1307568041?
6
What is the units digit of 79952535?
5
What is the ten thousands digit of 471525187?
2
What is the tens digit of 3877635?
3
What is the tens digit of 601149599?
9
What is the hundreds digit of 122784047?
0
What is the thousands digit of 221460118?
0
What is the millions digit of 103499133?
3
What is the hundreds digit of 56198273?
2
What is the hundreds digit of 24821991?
9
What is the hundred thousands digit of 2678299256?
2
What is the units digit of 1674324617?
7
What is the hundred thousands digit of 386627520?
6
What is the units digit of 278304803?
3
What is the ten thousands digit of 118889175?
8
What is the hundred millions digit of 3582911465?
5
What is the hundred thousands digit of 34860658?
8
What is the millions digit of 14438833?
4
What is the ten millions digit of 442370625?
4
What is the hundreds digit of 2317875619?
6
What is the hundreds digit of 4775134?
1
What is the hundreds digit of 306690172?
1
What is the hundred thousands digit of 12323391?
3
What is the hundred thousands digit of 776482703?
4
What is the hundred thousands digit of 299954217?
9
What is the millions digit of 84014639?
4
What is the millions digit of 335064513?
5
What is the units digit of 149112425?
5
What is the millions digit of 189866427?
9
What is the ten millions digit of 144520005?
4
What is the thousands digit of 275349650?
9
What is the thousands digit of 11004306?
4
What is the tens digit of 10579262?
6
What is the billions digit of 51849939